{"id":59,"date":"2026-01-31T12:36:35","date_gmt":"2026-01-31T11:36:35","guid":{"rendered":"https:\/\/helenaterbuc.com\/?page_id=59"},"modified":"2026-02-07T22:49:13","modified_gmt":"2026-02-07T21:49:13","slug":"about-4","status":"publish","type":"page","link":"https:\/\/helenaterbuc.com\/de\/about-4\/","title":{"rendered":"\u00dcBER MICH"},"content":{"rendered":"<div class=\"wp-block-columns alignwide are-vertically-aligned-center is-layout-flex wp-container-core-columns-is-layout-c9de728c wp-block-columns-is-layout-flex\" style=\"margin-bottom:-8px\">\n<div class=\"wp-block-column is-layout-flow wp-container-core-column-is-layout-febbb684 wp-block-column-is-layout-flow\" style=\"flex-basis:50%\">\n<p class=\"has-white-color has-text-color has-link-color wp-elements-5833c048a7d8a07dd47f1e4b8ae1acce wp-block-paragraph\" style=\"padding-top:50px;padding-right:var(--wp--preset--spacing--20);padding-bottom:50px;padding-left:var(--wp--preset--spacing--20)\">CV auf Anfrage<\/p>\n<\/div>\n\n\n\n<div class=\"wp-block-column is-layout-flow wp-block-column-is-layout-flow\" style=\"padding-top:var(--wp--preset--spacing--20);padding-bottom:var(--wp--preset--spacing--60);flex-basis:50%\">\n<p class=\"has-white-color has-text-color has-link-color has-large-font-size wp-elements-d9ba2678297a0302e4d1b37de8960e62 wp-container-content-663c14dd wp-block-paragraph\" style=\"padding-top:var(--wp--preset--spacing--40);padding-right:var(--wp--preset--spacing--30);padding-bottom:var(--wp--preset--spacing--40);padding-left:var(--wp--preset--spacing--30)\">Ich bin eine \u00e4u\u00dferst kreative Person, die gleichzeitig viele Projekte verfolgt und niemals aufh\u00f6ren kann zu erschaffen. F\u00fcr mich ist Kreativit\u00e4t eine Lebensweise. Mein Traum ist es, einen Raum zu finden, in dem ich meine Kunst frei ausdr\u00fccken und dadurch mit Menschen in Verbindung treten kann. Ich m\u00f6chte auftreten, inklusive Projekte gestalten, unterrichten und Studierende bei ihrem Spielverhalten unterst\u00fctzen, an meinen Ideen arbeiten und sie zum Leben erwecken. <\/p>\n<\/div>\n<\/div>\n\n\n\n<div class=\"wp-block-group alignfull has-cyan-bluish-gray-background-color has-background has-global-padding is-layout-constrained wp-container-core-group-is-layout-5c6267c8 wp-block-group-is-layout-constrained\" style=\"margin-bottom:-135px;padding-top:var(--wp--preset--spacing--50);padding-right:0;padding-bottom:var(--wp--preset--spacing--60);padding-left:0\">\n<figure class=\"wp-block-image alignwide size-large\" style=\"margin-top:-68px\"><img data-recalc-dims=\"1\" loading=\"lazy\" decoding=\"async\" width=\"4928\" height=\"3264\" data-attachment-id=\"31\" data-permalink=\"https:\/\/helenaterbuc.com\/de\/dsc_0945_ba\/\" data-orig-file=\"https:\/\/i0.wp.com\/helenaterbuc.com\/wp-content\/uploads\/2026\/01\/dsc_0945_ba.jpg?fit=4928%2C3264&amp;ssl=1\" data-orig-size=\"4928,3264\" data-comments-opened=\"1\" data-image-meta=\"{&quot;aperture&quot;:&quot;0&quot;,&quot;credit&quot;:&quot;&quot;,&quot;camera&quot;:&quot;NIKON D7000&quot;,&quot;caption&quot;:&quot;&quot;,&quot;created_timestamp&quot;:&quot;1761742479&quot;,&quot;copyright&quot;:&quot;&quot;,&quot;focal_length&quot;:&quot;0&quot;,&quot;iso&quot;:&quot;100&quot;,&quot;shutter_speed&quot;:&quot;0&quot;,&quot;title&quot;:&quot;&quot;,&quot;orientation&quot;:&quot;0&quot;}\" data-image-title=\"DSC_0945_BA\" data-image-description=\"\" data-image-caption=\"\" data-large-file=\"https:\/\/i0.wp.com\/helenaterbuc.com\/wp-content\/uploads\/2026\/01\/dsc_0945_ba.jpg?fit=1024%2C678&amp;ssl=1\" src=\"https:\/\/i0.wp.com\/helenaterbuc.com\/wp-content\/uploads\/2026\/01\/dsc_0945_ba.jpg?resize=4928%2C3264&#038;ssl=1\" alt=\"\" class=\"wp-image-31\" \/><\/figure>\n\n\n\n<p class=\"alignwide has-primary-color has-text-color has-link-color wp-elements-c66a7d461930ce231a516104a4a52034 wp-block-paragraph\" style=\"padding-right:var(--wp--preset--spacing--20);padding-left:var(--wp--preset--spacing--20)\">Jede Musikerin und jeder Musiker hat normalerweise eine lange, langweilige Biografie mit endlosem Name-Dropping, Auflistung von Konzerten und Auszeichnungen \u2026 und hier ist meine: Helena Terbuc wurde in Slowenien geboren. F\u00fcr alle, die aus Slowenien kommen: Ich komme aus Ru\u0161e. F\u00fcr die anderen, die es nicht wissen \u2013 es ist Slowenien, nicht die Slowakei! Spa\u00df beiseite \u2026 Ich erhielt meine Musikausbildung in meiner Heimatstadt, begann mit sieben Jahren. Man beschrieb mich damals nicht als besonders talentiertes Kind, aber inzwischen habe ich aufgeholt, und heute bin ich ein sehr talentierter Erwachsener. Ich habe ge\u00fcbt, haha. Aber ich war immer sehr musikalisch und hatte ein gro\u00dfes Gesp\u00fcr f\u00fcr \u00c4sthetik.<\/p>\n\n\n\n<p class=\"alignwide has-primary-color has-text-color has-link-color wp-elements-986de0e2d9891f23b96d3a382dabcf6c wp-block-paragraph\" style=\"padding-right:var(--wp--preset--spacing--20);padding-left:var(--wp--preset--spacing--20)\">Als Teenager setzte ich meine Ausbildung am Konservatorium f\u00fcr Musik und Ballett in Maribor fort, wo ich klassische Gitarre studierte und f\u00fcr kurze Zeit auch Jazz. Schlie\u00dflich f\u00fchrte mich mein Weg nach \u00d6sterreich, nach Linz, an die Anton Bruckner Privatuniversit\u00e4t. Dort begann ich bei dem in Linz sehr bekannten Wolfgang Jungwirth und setzte mein Studium bei Martin Schwarz fort. Im Rahmen meines Masterstudiums verbrachte ich ein Jahr als Austauschstudentin an der Norwegischen Musikakademie in Oslo.<\/p>\n\n\n\n<p class=\"alignwide has-primary-color has-text-color has-link-color wp-elements-868c7626f1e3e426a282c772881f9157 wp-block-paragraph\" style=\"padding-right:var(--wp--preset--spacing--20);padding-left:var(--wp--preset--spacing--20)\">W\u00e4hrend meiner Zeit in Oslo studierte ich bei Ricardo Gallen, Otto Tolonen und meiner ersten Professorin, auf die ich sehr stolz bin: Eva Beneke! Sie bleibt bis heute eine sehr inspirierende Pers\u00f6nlichkeit f\u00fcr mich. <\/p>\n\n\n\n<p class=\"alignwide has-primary-color has-text-color has-link-color wp-elements-7194d4131458397fb0e22d17c3228113 wp-block-paragraph\" style=\"padding-right:var(--wp--preset--spacing--20);padding-left:var(--wp--preset--spacing--20)\">Ich habe einige Meisterkurse bei bekannten Pers\u00f6nlichkeiten wie Adriano del Sal, Laura Young, Lukas Kuropashewski \u2026 besucht, doch f\u00fcr mich ging es nie um den Ruhm, sondern um das Wissen, das mir beim Spielen helfen konnte. Einer meiner Professoren, der einen gro\u00dfen Einfluss auf mich hatte, war Anders Miolin, bei dem ich zahlreiche Meisterkurse besuchte. Er hinterfragte die Art und Weise, wie ich \u00fcber Gitarre und Spieltechniken denke, was mich schlie\u00dflich zu meiner Forschung im Bereich Musiker*innengesundheit f\u00fchrte. <\/p>\n\n\n\n<p class=\"alignwide has-primary-color has-text-color has-link-color wp-elements-ed70ee73213e215edc883ce34d20bc3c wp-block-paragraph\" style=\"padding-right:var(--wp--preset--spacing--20);padding-left:var(--wp--preset--spacing--20)\">Ich habe an vielen Gitarrenfestivals teilgenommen (International Summer Music School Pu\u010di\u0161\u0107a, Musik-Kurswochen Aarosa, International Guitar Festival in Postojna, Guitar Festival Mikolov, Meet Your Maker Days), zahlreiche Konzerte gespielt, Projekte organisiert (Regenbogen Bunt, Von Toccata bis Tango, Kontraste \u2026) und plane, in Zukunft noch viele weitere umzusetzen. <\/p>\n\n\n\n<p class=\"alignwide has-primary-color has-text-color has-link-color wp-elements-ff454e04b3fed01686eb1594e17d3128 wp-block-paragraph\" style=\"padding-right:var(--wp--preset--spacing--20);padding-left:var(--wp--preset--spacing--20)\">Bleib dran!<\/p>\n\n\n\n<p class=\"alignwide has-primary-color has-text-color has-link-color wp-elements-6758dbb22f5772a3f9df81f0b456c681 wp-block-paragraph\" style=\"padding-right:var(--wp--preset--spacing--20);padding-left:var(--wp--preset--spacing--20)\">Fortzsetzung folgt ...<\/p>\n<\/div>","protected":false},"excerpt":{"rendered":"<p>Hallo, Ich bin Helena und ich kreiere gerne.<\/p>","protected":false},"author":275438193,"featured_media":36,"parent":0,"menu_order":0,"comment_status":"closed","ping_status":"closed","template":"page-bl","meta":{"_crdt_document":"","advanced_seo_description":"","jetpack_seo_html_title":"","jetpack_seo_noindex":false,"footnotes":""},"class_list":["post-59","page","type-page","status-publish","has-post-thumbnail","hentry"],"jetpack_likes_enabled":true,"jetpack_sharing_enabled":true,"jetpack_shortlink":"https:\/\/wp.me\/Ph0AS0-X","jetpack-related-posts":[],"_links":{"self":[{"href":"https:\/\/helenaterbuc.com\/de\/wp-json\/wp\/v2\/pages\/59","targetHints":{"allow":["GET"]}}],"collection":[{"href":"https:\/\/helenaterbuc.com\/de\/wp-json\/wp\/v2\/pages"}],"about":[{"href":"https:\/\/helenaterbuc.com\/de\/wp-json\/wp\/v2\/types\/page"}],"author":[{"embeddable":true,"href":"https:\/\/helenaterbuc.com\/de\/wp-json\/wp\/v2\/users\/275438193"}],"replies":[{"embeddable":true,"href":"https:\/\/helenaterbuc.com\/de\/wp-json\/wp\/v2\/comments?post=59"}],"version-history":[{"count":25,"href":"https:\/\/helenaterbuc.com\/de\/wp-json\/wp\/v2\/pages\/59\/revisions"}],"predecessor-version":[{"id":397,"href":"https:\/\/helenaterbuc.com\/de\/wp-json\/wp\/v2\/pages\/59\/revisions\/397"}],"wp:featuredmedia":[{"embeddable":true,"href":"https:\/\/helenaterbuc.com\/de\/wp-json\/wp\/v2\/media\/36"}],"wp:attachment":[{"href":"https:\/\/helenaterbuc.com\/de\/wp-json\/wp\/v2\/media?parent=59"}],"curies":[{"name":"wp","href":"https:\/\/api.w.org\/{rel}","templated":true}]}}

ÜBER MICH

<div class="wp-block-columns alignwide are-vertically-aligned-center is-layout-flex wp-container-core-columns-is-layout-c9de728c wp-block-columns-is-layout-flex" style="margin-bottom:-8px">
<div class="wp-block-column is-layout-flow wp-container-core-column-is-layout-febbb684 wp-block-column-is-layout-flow" style="flex-basis:50%">
<p class="has-white-color has-text-color has-link-color wp-elements-5833c048a7d8a07dd47f1e4b8ae1acce wp-block-paragraph" style="padding-top:50px;padding-right:var(--wp--preset--spacing--20);padding-bottom:50px;padding-left:var(--wp--preset--spacing--20)">CV auf Anfrage</p>
</div>



<div class="wp-block-column is-layout-flow wp-block-column-is-layout-flow" style="padding-top:var(--wp--preset--spacing--20);padding-bottom:var(--wp--preset--spacing--60);flex-basis:50%">
<p class="has-white-color has-text-color has-link-color has-large-font-size wp-elements-d9ba2678297a0302e4d1b37de8960e62 wp-container-content-663c14dd wp-block-paragraph" style="padding-top:var(--wp--preset--spacing--40);padding-right:var(--wp--preset--spacing--30);padding-bottom:var(--wp--preset--spacing--40);padding-left:var(--wp--preset--spacing--30)">Ich bin eine äußerst kreative Person, die gleichzeitig viele Projekte verfolgt und niemals aufhören kann zu erschaffen. Für mich ist Kreativität eine Lebensweise. Mein Traum ist es, einen Raum zu finden, in dem ich meine Kunst frei ausdrücken und dadurch mit Menschen in Verbindung treten kann. Ich möchte auftreten, inklusive Projekte gestalten, unterrichten und Studierende bei ihrem Spielverhalten unterstützen, an meinen Ideen arbeiten und sie zum Leben erwecken. </p>
</div>
</div>



<div class="wp-block-group alignfull has-cyan-bluish-gray-background-color has-background has-global-padding is-layout-constrained wp-container-core-group-is-layout-5c6267c8 wp-block-group-is-layout-constrained" style="margin-bottom:-135px;padding-top:var(--wp--preset--spacing--50);padding-right:0;padding-bottom:var(--wp--preset--spacing--60);padding-left:0">
<figure class="wp-block-image alignwide size-large" style="margin-top:-68px"><img data-recalc-dims="1" loading="lazy" decoding="async" width="4928" height="3264" data-attachment-id="31" data-permalink="https://helenaterbuc.com/de/dsc_0945_ba/" data-orig-file="https://i0.wp.com/helenaterbuc.com/wp-content/uploads/2026/01/dsc_0945_ba.jpg?fit=4928%2C3264&amp;ssl=1" data-orig-size="4928,3264" data-comments-opened="1" data-image-meta="{&quot;aperture&quot;:&quot;0&quot;,&quot;credit&quot;:&quot;&quot;,&quot;camera&quot;:&quot;NIKON D7000&quot;,&quot;caption&quot;:&quot;&quot;,&quot;created_timestamp&quot;:&quot;1761742479&quot;,&quot;copyright&quot;:&quot;&quot;,&quot;focal_length&quot;:&quot;0&quot;,&quot;iso&quot;:&quot;100&quot;,&quot;shutter_speed&quot;:&quot;0&quot;,&quot;title&quot;:&quot;&quot;,&quot;orientation&quot;:&quot;0&quot;}" data-image-title="DSC_0945_BA" data-image-description="" data-image-caption="" data-large-file="https://i0.wp.com/helenaterbuc.com/wp-content/uploads/2026/01/dsc_0945_ba.jpg?fit=1024%2C678&amp;ssl=1" src="https://i0.wp.com/helenaterbuc.com/wp-content/uploads/2026/01/dsc_0945_ba.jpg?resize=4928%2C3264&#038;ssl=1" alt="" class="wp-image-31" /></figure>



<p class="alignwide has-primary-color has-text-color has-link-color wp-elements-c66a7d461930ce231a516104a4a52034 wp-block-paragraph" style="padding-right:var(--wp--preset--spacing--20);padding-left:var(--wp--preset--spacing--20)">Jede Musikerin und jeder Musiker hat normalerweise eine lange, langweilige Biografie mit endlosem Name-Dropping, Auflistung von Konzerten und Auszeichnungen … und hier ist meine: Helena Terbuc wurde in Slowenien geboren. Für alle, die aus Slowenien kommen: Ich komme aus Ruše. Für die anderen, die es nicht wissen – es ist Slowenien, nicht die Slowakei! Spaß beiseite … Ich erhielt meine Musikausbildung in meiner Heimatstadt, begann mit sieben Jahren. Man beschrieb mich damals nicht als besonders talentiertes Kind, aber inzwischen habe ich aufgeholt, und heute bin ich ein sehr talentierter Erwachsener. Ich habe geübt, haha. Aber ich war immer sehr musikalisch und hatte ein großes Gespür für Ästhetik.</p>



<p class="alignwide has-primary-color has-text-color has-link-color wp-elements-986de0e2d9891f23b96d3a382dabcf6c wp-block-paragraph" style="padding-right:var(--wp--preset--spacing--20);padding-left:var(--wp--preset--spacing--20)">Als Teenager setzte ich meine Ausbildung am Konservatorium für Musik und Ballett in Maribor fort, wo ich klassische Gitarre studierte und für kurze Zeit auch Jazz. Schließlich führte mich mein Weg nach Österreich, nach Linz, an die Anton Bruckner Privatuniversität. Dort begann ich bei dem in Linz sehr bekannten Wolfgang Jungwirth und setzte mein Studium bei Martin Schwarz fort. Im Rahmen meines Masterstudiums verbrachte ich ein Jahr als Austauschstudentin an der Norwegischen Musikakademie in Oslo.</p>



<p class="alignwide has-primary-color has-text-color has-link-color wp-elements-868c7626f1e3e426a282c772881f9157 wp-block-paragraph" style="padding-right:var(--wp--preset--spacing--20);padding-left:var(--wp--preset--spacing--20)">Während meiner Zeit in Oslo studierte ich bei Ricardo Gallen, Otto Tolonen und meiner ersten Professorin, auf die ich sehr stolz bin: Eva Beneke! Sie bleibt bis heute eine sehr inspirierende Persönlichkeit für mich. </p>



<p class="alignwide has-primary-color has-text-color has-link-color wp-elements-7194d4131458397fb0e22d17c3228113 wp-block-paragraph" style="padding-right:var(--wp--preset--spacing--20);padding-left:var(--wp--preset--spacing--20)">Ich habe einige Meisterkurse bei bekannten Persönlichkeiten wie Adriano del Sal, Laura Young, Lukas Kuropashewski … besucht, doch für mich ging es nie um den Ruhm, sondern um das Wissen, das mir beim Spielen helfen konnte. Einer meiner Professoren, der einen großen Einfluss auf mich hatte, war Anders Miolin, bei dem ich zahlreiche Meisterkurse besuchte. Er hinterfragte die Art und Weise, wie ich über Gitarre und Spieltechniken denke, was mich schließlich zu meiner Forschung im Bereich Musiker*innengesundheit führte. </p>



<p class="alignwide has-primary-color has-text-color has-link-color wp-elements-ed70ee73213e215edc883ce34d20bc3c wp-block-paragraph" style="padding-right:var(--wp--preset--spacing--20);padding-left:var(--wp--preset--spacing--20)">Ich habe an vielen Gitarrenfestivals teilgenommen (International Summer Music School Pučišća, Musik-Kurswochen Aarosa, International Guitar Festival in Postojna, Guitar Festival Mikolov, Meet Your Maker Days), zahlreiche Konzerte gespielt, Projekte organisiert (Regenbogen Bunt, Von Toccata bis Tango, Kontraste …) und plane, in Zukunft noch viele weitere umzusetzen. </p>



<p class="alignwide has-primary-color has-text-color has-link-color wp-elements-ff454e04b3fed01686eb1594e17d3128 wp-block-paragraph" style="padding-right:var(--wp--preset--spacing--20);padding-left:var(--wp--preset--spacing--20)">Bleib dran!</p>



<p class="alignwide has-primary-color has-text-color has-link-color wp-elements-6758dbb22f5772a3f9df81f0b456c681 wp-block-paragraph" style="padding-right:var(--wp--preset--spacing--20);padding-left:var(--wp--preset--spacing--20)">Fortzsetzung folgt ...</p>
</div>
